4*o**2 - 4*o - 1. Let a(w) = w**2 + 6*w + 5. Let t be a(-4). Let l be d(t). What are the prime factors of q(l)?
2
Suppose 0 = -3*c - 5*m + 59, 0 = -4*c - 5*m + 2*m + 64. What are the prime factors of c?
13
List the prime factors of (6/30)/(1/145).
29
Let u(r) = 2*r**2 - 4 + 2 - 8*r - 4. List the prime factors of u(6).
2, 3
Let y(s) be the second derivative of -s**3/6 + 4*s**2 + 2*s. Let u be y(6). Suppose -2*l + u = -12. What are the prime factors of l?
7
Suppose 14*b - 1452 = 3*b. List the prime factors of b.
2, 3, 11
Suppose 89 - 488 = -7*l. Suppose l = 2*g - 27. What are the prime factors of g?
2, 3, 7
Let i(v) = v**3 + 10*v**2 - 13*v - 9. Suppose -5*l - 2*r - 45 = 0, 58 = -3*l + r + 4*r. What are the prime factors of i(l)?
13
Let s(l) = l**2 + 3*l. Let h be s(-8). Let d be (5 + 2)/(4/h). Suppose -3*x = -8*x + d. List the prime factors of x.
2, 7
Suppose 3*f = 5 + 7. Suppose -173 - 15 = -f*m. List the prime factors of m.
47
Let i(x) = 2*x**2 - 2*x - 1. Suppose -3*j + 2*w + 3 = 4, -5*w - 20 = 0. Let b(p) = p**3 + 4*p**2 + 3*p + 2. Let u be b(j). List the prime factors of i(u).
3
Let l(s) = -s**3 + 2*s**2 + 2*s - 1. What are the prime factors of l(-3)?
2, 19
Suppose 23*l - 25*l = -308. What are the prime factors of l?
2, 7, 11
Let u(d) = -10*d - 3*d**2 + 4*d**2 + 2*d + 5 + 2*d. Let i be u(4). What are the prime factors of 2*(-4)/i*3?
2
Let i = 32 - 72. What are the prime factors of 32/i*(-15)/2?
2, 3
Suppose c - 3*c = 4. Let l be 22/3*(-9)/c. Let k = l + -17. List the prime factors of k.
2
Let a be (-120)/(-14)*7/(-1). Let j be ((-18)/(-15))/((-2)/a). Suppose -4*d - w - 3*w = -16, -5*d = -3*w - j. List the prime factors of d.
2, 3
Suppose 0*m = -2*m. Suppose 10 = 2*z - m*z. List the prime factors of z.
5
Let f(w) = -4*w**3 - 9*w**2 + 11*w + 9. Let r(h) = 3*h**3 + 9*h**2 - 12*h - 9. Let b(x) = 2*f(x) + 3*r(x). List the prime factors of b(-10).
31
Let n(b) = b**3 - 2*b**2 + b - 3*b**2 + 2 - 6. Let w be n(5). Let j = w + 3. What are the prime factors of j?
2
Let o(q) = q**3 + 4*q**2 - 7*q - 6. Let g be o(-5). List the prime factors of g/(-10) + (-574)/(-35).
2
Let a = -21 - -31. What are the prime factors of a?
2, 5
Let o = -3 + 4. Let a = -33 + 35. List the prime factors of (a + 3)/(o/2).
2, 5
Let y = 72 - -30. What are the prime factors of y?
2, 3, 17
Suppose 4*o = -n + 1351, -215 = -2*o + n + 468. List the prime factors of o.
3, 113
Let m = -29 - -63. What are the prime factors of m?
2, 17
Let h(t) = -t**3 - 3*t**2 - 4*t - 1. List the prime factors of h(-3).
11
Suppose x - 44 - 2 = 0. Let f be (-603)/21 + (-2)/7. Let h = f + x. List the prime factors of h.
17
Let g be (12/(-14))/(8/56). What are the prime factors of (10/(-4))/(g/12)?
5
Suppose -p + 24 = -2*l, -4*p + 6*l - 3*l = -86. Let c = p + -14. What are the prime factors of c?
2, 3
Suppose -12 = -5*t - 3*j, 14 = 3*t - 2*j - 3*j. Suppose -6 = -0*l + l + f, 0 = 2*l + 3*f + 16. What are the prime factors of ((-2)/t)/(l/36)?
2, 3
Let j(b) = 53*b - 2. Let z be j(1). Suppose 2*l + 3*c - z = 0, -2*l - 11 + 54 = -5*c. List the prime factors of l.
2, 3
Let k(g) = 3*g + 18. What are the prime factors of k(10)?
2, 3
Let n be (-10)/(-45) + (-356)/(-18). Let f(k) = -k**2 - 12*k. Let q be f(-5). List the prime factors of 4/1*q/n.
7
Suppose 5*j - 1430 = -5*r + 70, 5*r + 4*j - 1500 = 0. What are the prime factors of r?
2, 3, 5
Suppose -7*y + 200 = -2*y. What are the prime factors of y?
2, 5
List the prime factors of (-14)/(-8)*(-264)/(-6).
7, 11
Let w be 7/3 - 2/6. Let l(q) = -q**3 - 3*q**2 + 2*q. Let a be l(-4). Suppose 0*b - a = -w*b. List the prime factors of b.
2
Suppose 3*g - 8 - 7 = 0. Let q(s) = 2*s - 5. Let p be q(g). Suppose p*r = r + 16. List the prime factors of r.
2
Let l(t) = -t + 33. What are the prime factors of l(14)?
19
Suppose 0 = 2*p - 12 + 2. Suppose -4*j - j - 2*w + 113 = 0, p*j - 85 = 5*w. Let d = 31 - j. What are the prime factors of d?
2, 5
Suppose s - 4*s = -81. Suppose -4*z + 92 = -g, 0 = 5*g + s - 7. List the prime factors of z.
2, 11
Let w = 16 - 13. Suppose 4*j - 5*b - 162 = 0, -4*j = -3*j + w*b - 49. What are the prime factors of j?
43
Let l be -1 - (-5 + 1 + -2). Suppose -l*d = -x - 5, -5*d = -7*x + 2*x + 15. List the prime factors of x.
5
Suppose 0*o + o - 134 = -5*f, 3*o = 3*f - 84. Let c = f + -11. What are the prime factors of c?
2
Suppose 3*u - u = 72. What are the prime factors of u?
2, 3
Let z(m) be the first derivative of 5/2*m**2 + m + 1/3*m**3 - 2. What are the prime factors of z(-6)?
7
Let j = 6 + -8. Let q be (-2*1)/j + 1. Suppose -4 = 4*h, -h + 5 = q*v - 2*h. What are the prime factors of v?
2
Suppose -5*z + 255 = -3*w, -23 + 82 = z + w. Let g = -21 + z. What are the prime factors of g?
3, 11
Suppose p - 5*g + g = 5, -3*p = -4*g - 55. Suppose 0 = -10*h + 5*h + p. Suppose 0 = h*d - a - 77, -2*d = 2*a - 6 - 20. What are the prime factors of d?
3, 5
Suppose 6*h - 1018 = -4*p + h, -516 = -2*p + h. What are the prime factors of p?
257
Suppose -2*c = -5*c - 2*x + 31, -c = -x - 7. Suppose -b + c = -0. What are the prime factors of b?
3
Let u(h) = h**3 - 9*h**2 + 9*h + 11. List the prime factors of u(9).
2, 23
Let w be 45/(-10)*(-4)/6. Suppose 3*a + 5*u = 61, -w*a + u + 0*u + 31 = 0. Let t = a + -6. List the prime factors of t.
2, 3
Let h = 12 - -1. Let l = -3 + h. What are the prime factors of l?
2, 5
Let t = -29 - -67. What are the prime factors of t?
2, 19
Let y(l) = 78*l**2 + 3*l + 2. List the prime factors of y(-1).
7, 11
Let p = 3 + -2. Let v = 1 + p. Suppose 5*z = -v*x + 28, -4*z + 25 = -0*z - x. What are the prime factors of z?
2, 3
Let y = 468 - 246. What are the prime factors of y?
2, 3, 37
Suppose -4*i + 5*b + 18 = -23, i + 1 = -b. Suppose -i*y = -7*y. Suppose 3*k - 9 - 12 = y. List the prime factors of k.
7
Let x(b) = -2*b**3 - 3*b - 7*b**2 + 0*b**3 + 5*b**2 - 1. What are the prime factors of x(-2)?
13
Suppose -2 = -l - q, q + 15 = -4*l + 35. Suppose -2 = -h + l. What are the prime factors of h?
2
Suppose -2*k = 3*u + 73, 36 = -2*u - 2*k - 10. What are the prime factors of (u/12)/((-1)/12)?
3
Suppose -r = 2*r - d - 107, 0 = r + 3*d - 39. What are the prime factors of r?
2, 3
Let y(p) = -42*p**3 + 3*p**2 + p. List the prime factors of y(-1).
2, 11
Suppose 0 = 3*g + 2*s - 99, -5*s + 86 = 4*g - 53. List the prime factors of g.
31
Let x = 123 - -8. List the prime factors of x.
131
Let a(g) = -g**2 - 6*g - 2. Let s be a(-3). Let t be (-90)/(-21) + (-2)/s. Suppose 0 = -3*y + 1 - 7, -l + 6 = t*y. List the prime factors of l.
2, 7
Suppose 4*m - 160 = -0*m. List the prime factors of m.
2, 5
Let f(d) = -2*d - 21. List the prime factors of f(-16).
11
Suppose -10 = -j + 9. What are the prime factors of j?
19
Let a(f) = 5*f**3 + 6*f**2 + 3*f + 4. Let o(r) = -9*r**3 - 12*r**2 - 7*r - 7. Let j(u) = -11*a(u) - 6*o(u). What are the prime factors of j(7)?
2, 3
Suppose -2*g = -4*s - 86 - 320, -4*s - 613 = -3*g. What are the prime factors of g?
3, 23
Suppose 2*o = -2*o - 12. Let z be (-2)/(-8) - (-15)/4. List the prime factors of 14/(z - (-6)/o).
7
List the prime factors of -2 + 1518/27 - (-4)/(-18).
2, 3
List the prime factors of ((-166)/4)/(-1)*2.
83
Suppose 0 = -3*f - 4*u - 13, -f - 32 = 5*u - 13. Let c be (-42)/(-3) - (f - -1). Let y = -1 + c. What are the prime factors of y?
11
Suppose -32 = -2*p - 4*h, -4 = -2*p + 4*h - 12. What are the prime factors of p?
2, 3
Let u = 3 - 6. Let h be (14/6)/((-1)/u). What are the prime factors of 2/h + 19/7?
3
Let o be (-1)/(-2)*(-5 - 1). Let f(k) = -k**3 - 4*k**2 - 3*k + 2. Let g be f(o). List the prime factors of 2 + -1 - g - -6.
5
Suppose 0 = 3*l + 2*m - 10, 0 = 2*l + l + 3*m - 9. Suppose 7*o - l*o = 66. What are the prime factors of o?
2, 11
List the prime factors of (-3 - (-2210)/12) + 1/(-6).
181
Let o(g) = -2*g**2 + 4*g - 3. Suppose -4*l - 15 = l. Let s(f) = -f**2 + 4*f - 3. Let x(t) = l*s(t) + 2*o(t). List the prime factors of x(-3).
2, 3
Let c(w) = 3*w**2 + 23*w + 14. List the prime factors of c(-13).
2, 3, 37
Let r be 2/4 - 5/(-2). Let c(x) = x**3 - 6*x**2 + 2*x - 2. Let p be c(6). Let k = p - r. What are the prime factors of k?
7
Suppose -5*h + 20 = 5*u, 3*h - 2*u - 15 = 2. Suppose -3*o + 7*o - 192 = -3*r, o + h*r = 65. Suppose -5*s + o = -2*s. What are the prime factors of s?
3, 5
Let u(s) = 3*s + 5. What are the prime